 + 7aa0?
7aa1
In base 12, what is -3 + -18732?
-18735
In base 11, what is -14 - -11833?
1181a
In base 12, what is 0 - -7444?
7444
In base 15, what is -81c - 291?
-aad
In base 9, what is 370 - -126?
506
In base 15, what is -4 + -17767?
-1776b
In base 11, what is 55868 - 4?
55864
In base 2, what is -101010010110010 + -1?
-101010010110011
In base 8, what is 212 - -170?
402
In base 3, what is 201221101222 + 10?
201221102002
In base 14, what is 1c9ca + -7?
1c9c3
In base 13, what is 5 + 1b109?
1b111
In base 14, what is 17 - 12a0?
-1287
In base 10, what is -795 + 263?
-532
In base 10, what is -305690 - 2?
-305692
In base 16, what is -dc4fd + -3?
-dc500
In base 14, what is -4 - 126b2?
-126b6
In base 14, what is -88712 - -2?
-88710
In base 6, what is -2 - 34335410?
-34335412
In base 13, what is -6a - 1734?
-17a1
In base 15, what is -185c0 + -2?
-185c2
In base 7, what is -123024 + -314?
-123341
In base 9, what is -5 - -17072?
17066
In base 4, what is 11132132 - -31?
11132223
In base 5, what is 2320310 + 10?
2320320
In base 9, what is -3 - 146451?
-146454
In base 12, what is -b556 - 2?
-b558
In base 11, what is 164948 + -2?
164946
In base 6, what is -442 - 23?
-505
In base 13, what is -2517 - -41?
-24a6
In base 11, what is -110a8a3 + -1?
-110a8a4
In base 12, what is -22 + -405?
-427
In base 15, what is -5 - -184a?
1845
In base 3, what is 2001 + 11?
2012
In base 2, what is -10010111010 - 101001?
-10011100011
In base 12, what is -6 + -8a938?
-8a942
In base 4, what is 12 + 10302301?
10302313
In base 6, what is -3 - -152030?
152023
In base 9, what is 7803 + 4?
7807
In base 6, what is -1 - 4220543?
-4220544
In base 12, what is -12b058 - -4?
-12b054
In base 7, what is 0 + -4465566?
-4465566
In base 9, what is 271 - -6312?
6583
In base 2, what is -111110101 - -10001100?
-101101001
In base 5, what is -14310 + -43?
-14403
In base 14, what is -3 + 3d4aa?
3d4a7
In base 15, what is 25d1 + 4?
25d5
In base 3, what is 10 + 212112100?
212112110
In base 2, what is 100100110101 - 1110000011?
10110110010
In base 14, what is -2 + 2617d?
2617b
In base 4, what is 11332 - -10013?
22011
In base 15, what is 3 + -c3e9?
-c3e6
In base 8, what is 263 - 270?
-5
In base 15, what is -885d8a + -1?
-885d8b
In base 10, what is 743 + -52?
691
In base 16, what is 2 + -4990?
-498e
In base 6, what is -42454 - -12?
-42442
In base 13, what is 7 + 1344?
134b
In base 13, what is 0 - -125b7?
125b7
In base 7, what is -105105 + -143?
-105251
In base 8, what is 5 - -6327376?
6327403
In base 6, what is -12 + 2255?
2243
In base 16, what is -3b2 - 4?
-3b6
In base 12, what is -a9297 + -4?
-a929b
In base 9, what is -418552 - -4?
-418547
In base 6, what is -31 + -3254?
-3325
In base 16, what is 0 + -cff0?
-cff0
In base 2, what is -10010010001000000 - 1?
-10010010001000001
In base 7, what is 13561 + 1?
13562
In base 8, what is 64146 - -11?
64157
In base 5, what is -302 - 311?
-1113
In base 11, what is 52 - 719?
-677
In base 14, what is 5 + 82c8?
82cd
In base 16, what is -6c - -24?
-48
In base 6, what is -1 + -130211?
-130212
In base 9, what is 182311 + -5?
182305
In base 16, what is f8 + -4d?
ab
In base 16, what is -22a - a1?
-2cb
In base 10, what is 599567 - 2?
599565
In base 9, what is -7 - 28728?
-28736
In base 2, what is -11100101100 + -10000011010?
-101101000110
In base 11, what is 3576 + -43?
3533
In base 4, what is 10120011 + 1?
10120012
In base 15, what is -be9 - 6e?
-c68
In base 11, what is 0 - 16688?
-16688
In base 3, what is 1102101221 - -1121?
1102110112
In base 5, what is 1314 + 13103?
14422
In base 12, what is -1 + -1736?
-1737
In base 4, what is -1102 + -233311?
-301013
In base 10, what is -142063 - 2?
-142065
In base 6, what is -45550 + 420?
-45130
In base 14, what is -5 + -2003?
-2008
In base 7, what is -4 - 36341?
-36345
In base 13, what is 81 - b662?
-b5b1
In base 6, what is 1044225 + 0?
1044225
In base 15, what is 34d7 - -1?
34d8
In base 2, what is -1011001111 + -100000?
-1011101111
In base 14, what is -46 - -a86?
a40
In base 4, what is -1022112 - -301?
-1021211
In base 15, what is 390b - -5?
3911
In base 15, what is -11818d - -2?
-11818b
In base 13, what is 228 - 385?
-15a
In base 4, what is -30210312 + -130?
-30211102
In base 14, what is -17 + 146d6?
146bd
In base 13, what is -1a21b0 + 0?
-1a21b0
In base 15, what is 3 - 1d50?
-1d4c
In base 15, what is -1 + -67ee?
-6800
In base 2, what is -101 + -1001011011011011?
-1001011011100000
In base 6, what is 32 - -15032?
15104
In base 15, what is 494 + 370?
814
In base 12, what is -2538 - 94?
-2610
In base 15, what is aa + 81?
13b
In base 14, what is 14c - 2b?
121
In base 7, what is 0 - 42054?
-42054
In base 15, what is -6 + -6e546?
-6e54c
In base 14, what is -bbc0 - -d?
-bbb1
In base 5, what is 2044 - -11?
2110
In base 7, what is 5 - 203106?
-203101
In base 5, what is -224 - 22431?
-23210
In base 9, what is -284 - -831?
536
In base 2, what is 1001000 + 110110110?
111111110
In base 15, what is 6ea4a - 5?
6ea45
In base 6, what is 10525 - -1?
10530
In base 16, what is 3 + -9052?
-904f
In base 6, what is -5 + 23212441?
23212432
In base 9, what is -15426 + 34?
-15382
In base 5, what is -3 + 1423433?
1423430
In base 5, what is -323 - -10323?
10000
In base 16, what is fd + 347?
444
In base 8, what is -31 - -7125?
7074
In base 2, what is -1001010010 - -11010111100110?
11001110010100
In base 14, what is -a - -700?
6d4
In base 7, what is -4056605 - 6?
-4056614
In base 7, what is -2 - 6233?
-6235
In base 11, what is -580 + -33?
-603
In base 13, what is -3b + -413?
-451
In base 12, what is 3849 - -16?
3863
In base 14, what is -c71 - -26?
-c49
In base 10, what is -5 - 203327?
-203332
In base 3, what is 12 - 201202212?
-201202200
In base 8, what is 12 + 35?
47
In base 6, what is 3233 - -10115?
13352
In base 9, what is 6707 - 44?
6653
In base 15, what is -27439 - 4?
-2743d
In base 4, what is -2210223 - 10?
-2210233
In base 15, what is c5dc - 2?
c5da
In base 10, what is -218860 + -3?
-218863
In base 13, what is 6 - -3179?
3182
In base 7, what is 20633123 + -3?
20633120
In base 15, what is 2e - d0?
-a1
In base 5, what is 3 - 341421?
-341413
In base 9, what is -5 - -1073?
1067
In base 11, what is -74a1 - 220?
-7711
In base 3, what is -2222000 - 10020?
-10002020
In base 13, what is 4 + -1b82?
-1b7b
In base 16, what is -1 - -188c?
188b
In base 12, what is -4 - -b690?
b688
In base 15, what is 14 + 376?
38a
In base 3, what is 2 + -211012002?
-211012000
In base 12, what is -220471 + -b?
-220480
In base 6, what is -1543 + -14?
-2001
In base 13, what is cc88b + -6?
cc885
In base 14, what is 40 - -481?
4c1
In base 8, what is -21 - -4126?
4105
In base 13, what is 2 + 496c9?
496cb
In base 7, what is -13306 + 34?
-13242
In base 10, what is 14339 - 3?
14336
In base 5, what is 1104333 - -1?
1104334
In base 7, what is -1 + 1536?
1535
In base 9, what is 6 + -21647?
-21641
In base 16, what is -b236 + 5?
-b231
In base 3, what is -100000 + 20101021?
20001021
In base 2, what is 11100101 + -10100011101?
-10000111000
In base 13, what is -11818 - 4?
-1181c
In base 11, what is 46a6 - -2?
46a8
In base 4, what is -203 - -11311?
11102
In base 8, what is -144 + 223?
57
In base 6, what is 3 + -553421?
-553414
In base 4, what is 113 + 2332031?
2332210
In base 9, what is 2080 - -443?
2533
In base 14, what is -1066 - bd?
-1145
In base 10, what is -402 - -11?
-391
In base 12, what is 42 + -649?
-607
In base 5, what is 4 + -14111440?
-14111431
In base 13, what is -1a9075 - -8?
-1a906a
In base 6, what is 3 - 21022052?
-21022045
In base 4, what is 311211 + 1233?
313110
In base 4, what is -23 + 30030331?
30030302
In base 6, what is 30532 - -11?
30543
In base 2, what is -110010 + 110110011110?
110101101100
In base 13, what is -1037 - 6?
-1040
In base 14, what is 6 + 8d4a?
8d52
In base 16, what is b2 - -3c?
ee
In base 13, what is -4a + 53a?
4c0
In base 16, what is 2 - -6842?
6844
In base 7, what is 102 + -2001?
-1566
In base 8, what is 36 + -27605?
-27547
In base 9, what is 55303 + 8?
55312
In base 12, what is 27a12 + 0?
27a12
In base 2, what is -11000101101111001011 - 100?
-11000101101111001111
In base 16, what is -21 - f6?
-117
In base 4, what is -122 + -103303?
-110031
In base 10, what is -5 - -390533?
390528
In base 4, what is 123200130221 + -1?
123200130220
In base 9, what is 1 - 38563?
-